{"id":13526,"date":"2022-02-18T17:12:54","date_gmt":"2022-02-18T16:12:54","guid":{"rendered":"https:\/\/essor93.org\/?page_id=13526"},"modified":"2022-04-04T14:22:22","modified_gmt":"2022-04-04T12:22:22","slug":"trucs-et-astuces","status":"publish","type":"page","link":"https:\/\/essor93.org\/index.php\/trucs-et-astuces\/","title":{"rendered":"Trucs et astuces"},"content":{"rendered":"\t\t<div data-elementor-type=\"wp-page\" data-elementor-id=\"13526\" class=\"elementor elementor-13526\">\n\t\t\t\t\t\t\t\t\t<section class=\"elementor-section elementor-top-section elementor-element elementor-element-1ffe6b96 elementor-section-boxed elementor-section-height-default elementor-section-height-default\" data-id=\"1ffe6b96\" data-element_type=\"section\">\n\t\t\t\t\t\t\t<div class=\"elementor-background-overlay\"><\/div>\n\t\t\t\t\t\t\t<div class=\"elementor-container elementor-column-gap-default\">\n\t\t\t\t\t<div class=\"elementor-column elementor-col-100 elementor-top-column elementor-element elementor-element-5ee1eba7\" data-id=\"5ee1eba7\" data-element_type=\"column\">\n\t\t\t<div class=\"elementor-widget-wrap elementor-element-populated\">\n\t\t\t\t\t\t\t\t<div class=\"elementor-element elementor-element-29ca7a elementor-invisible elementor-widget elementor-widget-pix-img\" data-id=\"29ca7a\" data-element_type=\"widget\" data-widget_type=\"pix-img.default\">\n\t\t\t\t<div class=\"elementor-widget-container\">\n\t\t\t<div class=\"d-inline-block \" ><div class=\"animate-in  d-inline-block\" data-anim-type=\"fade-in-up\" data-anim-delay=\"0\"><div class=\"pix-img-el    shadow-lg left d-inline-block  w-100 rounded-xl\"  ><img decoding=\"async\" loading=\"lazy\" class=\"card-img2 pix-img-elem rounded-xl  h-1002\" style=\"height:auto;\" width=\"1050\" height=\"490\" srcset=\"https:\/\/essor93.org\/wp-content\/uploads\/2022\/03\/image-trucs-et-astuces-essor93.png 1050w, https:\/\/essor93.org\/wp-content\/uploads\/2022\/03\/image-trucs-et-astuces-essor93-300x140.png 300w, https:\/\/essor93.org\/wp-content\/uploads\/2022\/03\/image-trucs-et-astuces-essor93-1024x478.png 1024w, https:\/\/essor93.org\/wp-content\/uploads\/2022\/03\/image-trucs-et-astuces-essor93-768x358.png 768w\" sizes=\"(max-width: 1050px) 100vw, 1050px\" src=\"https:\/\/essor93.org\/wp-content\/uploads\/2022\/03\/image-trucs-et-astuces-essor93.png\" alt=\"\" \/><\/div><\/div><\/div>\t\t<\/div>\n\t\t\t\t<\/div>\n\t\t\t\t<div class=\"elementor-element elementor-element-9ce15f4 elementor-widget elementor-widget-heading\" data-id=\"9ce15f4\" data-element_type=\"widget\" data-widget_type=\"heading.default\">\n\t\t\t\t<div class=\"elementor-widget-container\">\n\t\t\t<style>\/*! elementor - v3.16.0 - 17-10-2023 *\/\n.elementor-heading-title{padding:0;margin:0;line-height:1}.elementor-widget-heading .elementor-heading-title[class*=elementor-size-]>a{color:inherit;font-size:inherit;line-height:inherit}.elementor-widget-heading .elementor-heading-title.elementor-size-small{font-size:15px}.elementor-widget-heading .elementor-heading-title.elementor-size-medium{font-size:19px}.elementor-widget-heading .elementor-heading-title.elementor-size-large{font-size:29px}.elementor-widget-heading .elementor-heading-title.elementor-size-xl{font-size:39px}.elementor-widget-heading .elementor-heading-title.elementor-size-xxl{font-size:59px}<\/style><h2 class=\"elementor-heading-title elementor-size-default\">Les instants d\u00e9tente, c'est important et peuvent permettre de joindre l'utile \u00e0 l'agr\u00e9able !<\/h2>\t\t<\/div>\n\t\t\t\t<\/div>\n\t\t\t\t\t<\/div>\n\t\t<\/div>\n\t\t\t\t\t\t\t<\/div>\n\t\t<\/section>\n\t\t\t\t<section class=\"elementor-section elementor-top-section elementor-element elementor-element-2c2ac573 elementor-section-stretched elementor-section-boxed elementor-section-height-default elementor-section-height-default\" data-id=\"2c2ac573\" data-element_type=\"section\" data-settings=\"{&quot;stretch_section&quot;:&quot;section-stretched&quot;,&quot;background_background&quot;:&quot;classic&quot;}\">\n\t\t\t\t\t\t<div class=\"elementor-container elementor-column-gap-default\">\n\t\t\t\t\t<div class=\"elementor-column elementor-col-50 elementor-top-column elementor-element elementor-element-5c57374a\" data-id=\"5c57374a\" data-element_type=\"column\">\n\t\t\t<div class=\"elementor-widget-wrap elementor-element-populated\">\n\t\t\t\t\t\t\t\t<div class=\"elementor-element elementor-element-188a2aad elementor-widget elementor-widget-pix-sliding-text\" data-id=\"188a2aad\" data-element_type=\"widget\" data-widget_type=\"pix-sliding-text.default\">\n\t\t\t\t<div class=\"elementor-widget-container\">\n\t\t\t<div id=\"sliding-text-141726461\" class=\"mb-3 text-left \"><div class=\"d-inline-block\" style=\"max-width:500px;\"><h4 class=\"mb-32 pix-sliding-headline font-weight-bold body-font\" data-class=\"body-font text-heading-default\" data-style=\"\">Parce que bien souvent il suffit de petites choses pour trouver des r\u00e9ponses, nous vous proposons quelques trucs et astuces pour facilit\u00e9 votre quotidien !<\/h4><\/div><\/div>\t\t<\/div>\n\t\t\t\t<\/div>\n\t\t\t\t\t<\/div>\n\t\t<\/div>\n\t\t\t\t<div class=\"elementor-column elementor-col-50 elementor-top-column elementor-element elementor-element-57c3c5d7\" data-id=\"57c3c5d7\" data-element_type=\"column\">\n\t\t\t<div class=\"elementor-widget-wrap elementor-element-populated\">\n\t\t\t\t\t\t\t\t<div class=\"elementor-element elementor-element-97e47a1 elementor-invisible elementor-widget elementor-widget-pix-text\" data-id=\"97e47a1\" data-element_type=\"widget\" data-widget_type=\"pix-text.default\">\n\t\t\t\t<div class=\"elementor-widget-container\">\n\t\t\t<div class=\"pix-el-text w-100 text-left \" ><p class=\" m-0 text-dark-opacity-6 text-left \" ><span class=\"animate-in d-inline-block\" data-anim-delay=\"400\" data-anim-type=\"fade-in-up\">Sur cette page, on vous propose de t\u00e9l\u00e9charger gratuitement des coloriages pour les enfants dans la rubrique \"ludique\", dans la rubrique \"pratique\", vous pourrez y trouvez des conseils pour votre vous faciliter le quotidien tel que des recettes de cuisine, quelles questions poser lors d'une visite d'appartement, quels sont les papiers \u00e0 fournir ...<\/span><\/p><\/div>\t\t<\/div>\n\t\t\t\t<\/div>\n\t\t\t\t<div class=\"elementor-element elementor-element-68e51652 elementor-invisible elementor-widget elementor-widget-pix-text\" data-id=\"68e51652\" data-element_type=\"widget\" data-widget_type=\"pix-text.default\">\n\t\t\t\t<div class=\"elementor-widget-container\">\n\t\t\t<div class=\"pix-el-text w-100 text-left \" ><p class=\" m-0 text-dark-opacity-6 text-left \" ><span class=\"animate-in d-inline-block\" data-anim-delay=\"400\" data-anim-type=\"fade-in-up\">Dans la rubrique \"vos id\u00e9es\" vous aurez la possibilit\u00e9 de partager vos propres recettes ou des id\u00e9es cr\u00e9atives \u00e0 faire ou pourquoi pas des id\u00e9es de jeux ou des endroits \u00e0 visiter, parcs, mus\u00e9es etc ...<\/span><\/p><\/div>\t\t<\/div>\n\t\t\t\t<\/div>\n\t\t\t\t<div class=\"elementor-element elementor-element-e8418e6 elementor-invisible elementor-widget elementor-widget-pix-text\" data-id=\"e8418e6\" data-element_type=\"widget\" data-widget_type=\"pix-text.default\">\n\t\t\t\t<div class=\"elementor-widget-container\">\n\t\t\t<div class=\"pix-el-text w-100 text-left \" ><p class=\" m-0 text-dark-opacity-6 text-left \" ><span class=\"animate-in d-inline-block\" data-anim-delay=\"400\" data-anim-type=\"fade-in-up\">Le partage, l'entre-aide, la solidarit\u00e9, tendre la main ... font partis entres autres, de nos valeurs. Mettons notre savoir faire, nos id\u00e9es, notre culture et bien d'autres choses \u00e0 profit de tous. <\/span><\/p><\/div>\t\t<\/div>\n\t\t\t\t<\/div>\n\t\t\t\t<div class=\"elementor-element elementor-element-616fdd2 elementor-widget elementor-widget-pix-sliding-text\" data-id=\"616fdd2\" data-element_type=\"widget\" data-widget_type=\"pix-sliding-text.default\">\n\t\t\t\t<div class=\"elementor-widget-container\">\n\t\t\t<div id=\"sliding-text-92007902\" class=\"mb-3 text-left \"><div class=\"d-inline-block\" style=\"max-width:500px;\"><h5 class=\"mb-32 pix-sliding-headline font-weight-bold body-font\" data-class=\"body-font text-yellow\" data-style=\"\">Soyons solidaires, n'oublions pas \" Seul on va vite, \u00e0 deux on va plus loin !\".<\/h5><\/div><\/div>\t\t<\/div>\n\t\t\t\t<\/div>\n\t\t\t\t\t<\/div>\n\t\t<\/div>\n\t\t\t\t\t\t\t<\/div>\n\t\t<\/section>\n\t\t\t\t<section class=\"elementor-section elementor-top-section elementor-element elementor-element-2649afe5 elementor-section-stretched elementor-section-boxed elementor-section-height-default elementor-section-height-default\" data-id=\"2649afe5\" data-element_type=\"section\" data-settings=\"{&quot;stretch_section&quot;:&quot;section-stretched&quot;,&quot;background_background&quot;:&quot;classic&quot;}\">\n\t\t\t\t\t\t<div class=\"elementor-container elementor-column-gap-default\">\n\t\t\t\t\t<div class=\"elementor-column elementor-col-33 elementor-top-column elementor-element elementor-element-4267f6c7\" data-id=\"4267f6c7\" data-element_type=\"column\">\n\t\t\t<div class=\"elementor-widget-wrap elementor-element-populated\">\n\t\t\t\t\t\t\t\t<div class=\"elementor-element elementor-element-68a438e1 elementor-invisible elementor-widget elementor-widget-pix-3d-box\" data-id=\"68a438e1\" data-element_type=\"widget\" data-widget_type=\"pix-3d-box.default\">\n\t\t\t\t<div class=\"elementor-widget-container\">\n\t\t\t<div class=\" mb-3 mb-md-0 animate-in\" data-anim-type=\"fade-in-up\" data-anim-delay=\"0\"><div class=\"card w-100 h-100 bg-gradient-primary  pix-pt-120 pix-hover-item rounded-xl position-relative overflow-hidden2 text-white tilt fancy_card\" ><img decoding=\"async\" src=\"https:\/\/essor93.org\/wp-content\/plugins\/pixfort-core\/functions\/images\/loading.webp\" data-srcset=\"https:\/\/essor93.org\/wp-content\/uploads\/2022\/04\/crayon-ludique-essor93-asso-sociale-300x300.jpg 300w, https:\/\/essor93.org\/wp-content\/uploads\/2022\/04\/crayon-ludique-essor93-asso-sociale-150x150.jpg 150w, https:\/\/essor93.org\/wp-content\/uploads\/2022\/04\/crayon-ludique-essor93-asso-sociale-768x768.jpg 768w, https:\/\/essor93.org\/wp-content\/uploads\/2022\/04\/crayon-ludique-essor93-asso-sociale-400x400.jpg 400w, https:\/\/essor93.org\/wp-content\/uploads\/2022\/04\/crayon-ludique-essor93-asso-sociale-75x75.jpg 75w, https:\/\/essor93.org\/wp-content\/uploads\/2022\/04\/crayon-ludique-essor93-asso-sociale-460x460.jpg 460w, https:\/\/essor93.org\/wp-content\/uploads\/2022\/04\/crayon-ludique-essor93-asso-sociale.jpg 900w\" data-src=\"https:\/\/essor93.org\/wp-content\/uploads\/2022\/04\/crayon-ludique-essor93-asso-sociale.jpg\" class=\"pix-lazy card-img pix-bg-image rounded-xl h-100 pix-opacity-2 pix-hover-opacity-6\" loading=\"lazy\" alt=\"\"><div class=\"card-img-overlay overflow-visible d-inline-block w-100 pix-img-overlay pix-p-30 d-flex align-items-end text-left\"><div class=\"w-100 \"><h3 class=\"card-title  text-white font-weight-bold mb-0 animate-in\" style=\"\">Ludique<\/h3><p class=\"card-text pix-pt-10 text-light-opacity-9 text-18\" style=\"\"><\/p><div class=\"card-btn-div mt-4 d-inline-block w-100\"><a  href=\"https:\/\/essor93.org\/index.php\/ludiques\/\" class=\"btn m-0     text-heading-default btn-white d-inline-block      btn-md\"     ><span class=\"font-weight-bold \" >Cliquez ici<\/span><\/a><\/div><\/div><\/div><\/div><\/div>\t\t<\/div>\n\t\t\t\t<\/div>\n\t\t\t\t\t<\/div>\n\t\t<\/div>\n\t\t\t\t<div class=\"elementor-column elementor-col-33 elementor-top-column elementor-element elementor-element-5a935646\" data-id=\"5a935646\" data-element_type=\"column\">\n\t\t\t<div class=\"elementor-widget-wrap elementor-element-populated\">\n\t\t\t\t\t\t\t\t<div class=\"elementor-element elementor-element-46add864 elementor-invisible elementor-widget elementor-widget-pix-3d-box\" data-id=\"46add864\" data-element_type=\"widget\" data-widget_type=\"pix-3d-box.default\">\n\t\t\t\t<div class=\"elementor-widget-container\">\n\t\t\t<div class=\" mb-3 mb-md-0 animate-in\" data-anim-type=\"fade-in-up\" data-anim-delay=\"0\"><div class=\"card w-100 h-100 bg-gradient-primary  pix-pt-120 pix-hover-item rounded-xl position-relative overflow-hidden2 text-white tilt fancy_card\" ><img decoding=\"async\" src=\"https:\/\/essor93.org\/wp-content\/plugins\/pixfort-core\/functions\/images\/loading.webp\" data-srcset=\"https:\/\/essor93.org\/wp-content\/uploads\/2022\/04\/asso-sociale-recettes-essor93-pratique-300x300.jpg 300w, https:\/\/essor93.org\/wp-content\/uploads\/2022\/04\/asso-sociale-recettes-essor93-pratique-150x150.jpg 150w, https:\/\/essor93.org\/wp-content\/uploads\/2022\/04\/asso-sociale-recettes-essor93-pratique-768x768.jpg 768w, https:\/\/essor93.org\/wp-content\/uploads\/2022\/04\/asso-sociale-recettes-essor93-pratique-400x400.jpg 400w, https:\/\/essor93.org\/wp-content\/uploads\/2022\/04\/asso-sociale-recettes-essor93-pratique-75x75.jpg 75w, https:\/\/essor93.org\/wp-content\/uploads\/2022\/04\/asso-sociale-recettes-essor93-pratique-460x460.jpg 460w, https:\/\/essor93.org\/wp-content\/uploads\/2022\/04\/asso-sociale-recettes-essor93-pratique.jpg 900w\" data-src=\"https:\/\/essor93.org\/wp-content\/uploads\/2022\/04\/asso-sociale-recettes-essor93-pratique.jpg\" class=\"pix-lazy card-img pix-bg-image rounded-xl h-100 pix-opacity-2 pix-hover-opacity-6\" loading=\"lazy\" alt=\"\"><div class=\"card-img-overlay overflow-visible d-inline-block w-100 pix-img-overlay pix-p-30 d-flex align-items-end text-left\"><div class=\"w-100 \"><h3 class=\"card-title  text-white font-weight-bold mb-0 animate-in\" style=\"\">Pratique<\/h3><p class=\"card-text pix-pt-10 text-light-opacity-9 text-18\" style=\"\"><\/p><div class=\"card-btn-div mt-4 d-inline-block w-100\"><a  href=\"https:\/\/essor93.org\/?page_id=13527&preview=true\" class=\"btn m-0     text-heading-default btn-white d-inline-block      btn-md\"     ><span class=\"font-weight-bold \" >Cliquez ici<\/span><\/a><\/div><\/div><\/div><\/div><\/div>\t\t<\/div>\n\t\t\t\t<\/div>\n\t\t\t\t\t<\/div>\n\t\t<\/div>\n\t\t\t\t<div class=\"elementor-column elementor-col-33 elementor-top-column elementor-element elementor-element-5f72cf9\" data-id=\"5f72cf9\" data-element_type=\"column\">\n\t\t\t<div class=\"elementor-widget-wrap elementor-element-populated\">\n\t\t\t\t\t\t\t\t<div class=\"elementor-element elementor-element-5f0a380 elementor-invisible elementor-widget elementor-widget-pix-3d-box\" data-id=\"5f0a380\" data-element_type=\"widget\" data-widget_type=\"pix-3d-box.default\">\n\t\t\t\t<div class=\"elementor-widget-container\">\n\t\t\t<div class=\" mb-3 mb-md-0 animate-in\" data-anim-type=\"fade-in-up\" data-anim-delay=\"0\"><div class=\"card w-100 h-100 bg-gradient-primary  pix-pt-120 pix-hover-item rounded-xl position-relative overflow-hidden2 text-white tilt fancy_card\" ><img decoding=\"async\" src=\"https:\/\/essor93.org\/wp-content\/plugins\/pixfort-core\/functions\/images\/loading.webp\" data-srcset=\"https:\/\/essor93.org\/wp-content\/uploads\/2022\/04\/asso-sociale-idee-pratique-essor93.jpg 216w, https:\/\/essor93.org\/wp-content\/uploads\/2022\/04\/asso-sociale-idee-pratique-essor93-150x150.jpg 150w, https:\/\/essor93.org\/wp-content\/uploads\/2022\/04\/asso-sociale-idee-pratique-essor93-75x75.jpg 75w\" data-src=\"https:\/\/essor93.org\/wp-content\/uploads\/2022\/04\/asso-sociale-idee-pratique-essor93.jpg\" class=\"pix-lazy card-img pix-bg-image rounded-xl h-100 pix-opacity-2 pix-hover-opacity-6\" loading=\"lazy\" alt=\"\"><div class=\"card-img-overlay overflow-visible d-inline-block w-100 pix-img-overlay pix-p-30 d-flex align-items-end text-left\"><div class=\"w-100 \"><h3 class=\"card-title  text-white font-weight-bold mb-0 animate-in\" style=\"\">Vos id\u00e9es<\/h3><p class=\"card-text pix-pt-10 text-light-opacity-9 text-18\" style=\"\"><\/p><div class=\"card-btn-div mt-4 d-inline-block w-100\"><a  href=\"https:\/\/essor93.org\/?page_id=13532&preview=true\" class=\"btn m-0     text-heading-default btn-white d-inline-block      btn-md\"     ><span class=\"font-weight-bold \" >Cliquez ici<\/span><\/a><\/div><\/div><\/div><\/div><\/div>\t\t<\/div>\n\t\t\t\t<\/div>\n\t\t\t\t\t<\/div>\n\t\t<\/div>\n\t\t\t\t\t\t\t<\/div>\n\t\t<\/section>\n\t\t\t\t\t\t\t<\/div>\n\t\t","protected":false},"excerpt":{"rendered":"<p>Les instants d\u00e9tente, c&rsquo;est important et peuvent permettre de joindre l&rsquo;utile \u00e0 l&rsquo;agr\u00e9able ! Parce que bien souvent il suffit de petites choses pour trouver des r\u00e9ponses, nous vous proposons quelques trucs et astuces pour facilit\u00e9 votre quotidien ! Sur&#8230;<\/p>\n","protected":false},"author":1,"featured_media":0,"parent":0,"menu_order":0,"comment_status":"closed","ping_status":"closed","template":"","meta":{"footnotes":""},"_links":{"self":[{"href":"https:\/\/essor93.org\/index.php\/wp-json\/wp\/v2\/pages\/13526"}],"collection":[{"href":"https:\/\/essor93.org\/index.php\/wp-json\/wp\/v2\/pages"}],"about":[{"href":"https:\/\/essor93.org\/index.php\/wp-json\/wp\/v2\/types\/page"}],"author":[{"embeddable":true,"href":"https:\/\/essor93.org\/index.php\/wp-json\/wp\/v2\/users\/1"}],"replies":[{"embeddable":true,"href":"https:\/\/essor93.org\/index.php\/wp-json\/wp\/v2\/comments?post=13526"}],"version-history":[{"count":28,"href":"https:\/\/essor93.org\/index.php\/wp-json\/wp\/v2\/pages\/13526\/revisions"}],"predecessor-version":[{"id":14288,"href":"https:\/\/essor93.org\/index.php\/wp-json\/wp\/v2\/pages\/13526\/revisions\/14288"}],"wp:attachment":[{"href":"https:\/\/essor93.org\/index.php\/wp-json\/wp\/v2\/media?parent=13526"}],"curies":[{"name":"wp","href":"https:\/\/api.w.org\/{rel}","templated":true}]}}