{"id":13532,"date":"2022-02-18T17:14:17","date_gmt":"2022-02-18T16:14:17","guid":{"rendered":"https:\/\/essor93.org\/?page_id=13532"},"modified":"2022-05-06T16:28:00","modified_gmt":"2022-05-06T14:28:00","slug":"proposer-vos-idees","status":"publish","type":"page","link":"https:\/\/essor93.org\/index.php\/proposer-vos-idees\/","title":{"rendered":"Infos utiles"},"content":{"rendered":"\t\t<div data-elementor-type=\"wp-page\" data-elementor-id=\"13532\" class=\"elementor elementor-13532\">\n\t\t\t\t\t\t\t\t\t<section class=\"elementor-section elementor-top-section elementor-element elementor-element-394a48f6 elementor-section-stretched elementor-section-boxed elementor-section-height-default elementor-section-height-default\" data-id=\"394a48f6\" data-element_type=\"section\" data-settings=\"{&quot;stretch_section&quot;:&quot;section-stretched&quot;,&quot;background_background&quot;:&quot;classic&quot;}\">\n\t\t\t\t\t\t<div class=\"elementor-container elementor-column-gap-default\">\n\t\t\t\t\t<div class=\"elementor-column elementor-col-50 elementor-top-column elementor-element elementor-element-abf283e\" data-id=\"abf283e\" data-element_type=\"column\">\n\t\t\t<div class=\"elementor-widget-wrap elementor-element-populated\">\n\t\t\t\t\t\t\t\t<div class=\"elementor-element elementor-element-5e4937ee elementor-widget elementor-widget-pix-img\" data-id=\"5e4937ee\" data-element_type=\"widget\" data-widget_type=\"pix-img.default\">\n\t\t\t\t<div class=\"elementor-widget-container\">\n\t\t\t<div class=\"d-inline-block \" ><div class=\"pix-img-el    left d-inline-block  w-100 rounded-lg\"  ><img decoding=\"async\" loading=\"lazy\" class=\"card-img2 pix-img-elem rounded-lg  h-1002\" style=\"height:auto;\" width=\"1600\" height=\"930\" srcset=\"https:\/\/essor93.org\/wp-content\/uploads\/2022\/04\/infos-utiles-essor93-social-association.jpg 1600w, https:\/\/essor93.org\/wp-content\/uploads\/2022\/04\/infos-utiles-essor93-social-association-300x174.jpg 300w, https:\/\/essor93.org\/wp-content\/uploads\/2022\/04\/infos-utiles-essor93-social-association-1024x595.jpg 1024w, https:\/\/essor93.org\/wp-content\/uploads\/2022\/04\/infos-utiles-essor93-social-association-768x446.jpg 768w, https:\/\/essor93.org\/wp-content\/uploads\/2022\/04\/infos-utiles-essor93-social-association-1536x893.jpg 1536w\" sizes=\"(max-width: 1600px) 100vw, 1600px\" src=\"https:\/\/essor93.org\/wp-content\/uploads\/2022\/04\/infos-utiles-essor93-social-association.jpg\" alt=\"\" \/><\/div><\/div>\t\t<\/div>\n\t\t\t\t<\/div>\n\t\t\t\t\t<\/div>\n\t\t<\/div>\n\t\t\t\t<div class=\"elementor-column elementor-col-50 elementor-top-column elementor-element elementor-element-207a3dad\" data-id=\"207a3dad\" data-element_type=\"column\">\n\t\t\t<div class=\"elementor-widget-wrap elementor-element-populated\">\n\t\t\t\t\t\t\t\t<div class=\"elementor-element elementor-element-3d2e4f2d elementor-widget elementor-widget-pix-feature\" data-id=\"3d2e4f2d\" data-element_type=\"widget\" data-widget_type=\"pix-feature.default\">\n\t\t\t\t<div class=\"elementor-widget-container\">\n\t\t\t<div id=\"duo-icon-26175189\" class=\"pix-feature-el text-left \"><h4 class=\"font-weight-bold   text-heading-default \" style=\"padding-top:40px;\"  >Ce que je dois savoir !<\/h4><div class=\"text-text-gray    font-weight-bold  \" style=\"padding-top:20px;\"  ><\/div><\/div>\t\t<\/div>\n\t\t\t\t<\/div>\n\t\t\t\t<div class=\"elementor-element elementor-element-289c3dad elementor-widget elementor-widget-pix-text\" data-id=\"289c3dad\" data-element_type=\"widget\" data-widget_type=\"pix-text.default\">\n\t\t\t\t<div class=\"elementor-widget-container\">\n\t\t\t<div class=\"pix-el-text w-100 text-left \" ><div class=\"d-inline-block\" style=\"max-width:500px;\"><p class=\"text-18  text-body-default text-left \" >Vous trouverez toutes sortes d\u2019informations et de bons plans qui peuvent vous \u00eatre utiles afin de mieux \nvous guider sur le chemin de votre autonomie.<\/p><\/div><\/div>\t\t<\/div>\n\t\t\t\t<\/div>\n\t\t\t\t<div class=\"elementor-element elementor-element-bf04950 elementor-widget elementor-widget-pix-text\" data-id=\"bf04950\" data-element_type=\"widget\" data-widget_type=\"pix-text.default\">\n\t\t\t\t<div class=\"elementor-widget-container\">\n\t\t\t<div class=\"pix-el-text w-100 text-left \" ><div class=\"d-inline-block\" style=\"max-width:500px;\"><p class=\"text-18  text-body-default text-left \" >Pour trouver l'ADEPAPE de votre d\u00e9partement, cliquez sur le lien suivant.  <\/p><\/div><\/div>\t\t<\/div>\n\t\t\t\t<\/div>\n\t\t\t\t<div class=\"elementor-element elementor-element-86f3049 elementor-widget elementor-widget-button\" data-id=\"86f3049\" data-element_type=\"widget\" data-widget_type=\"button.default\">\n\t\t\t\t<div class=\"elementor-widget-container\">\n\t\t\t\t\t<div class=\"elementor-button-wrapper\">\n\t\t\t<a class=\"elementor-button elementor-button-link elementor-size-sm\" href=\"https:\/\/fnadepape.org\/\">\n\t\t\t\t\t\t<span class=\"elementor-button-content-wrapper\">\n\t\t\t\t\t\t<span class=\"elementor-button-text\">F\u00e9d\u00e9ration Nationales ADEPAPE<\/span>\n\t\t<\/span>\n\t\t\t\t\t<\/a>\n\t\t<\/div>\n\t\t\t\t<\/div>\n\t\t\t\t<\/div>\n\t\t\t\t<div class=\"elementor-element elementor-element-1f2d7e36 elementor-widget elementor-widget-pix-button\" data-id=\"1f2d7e36\" data-element_type=\"widget\" data-widget_type=\"pix-button.default\">\n\t\t\t\t<div class=\"elementor-widget-container\">\n\t\t\t<a  href=\"https:\/\/essor93.org\/index.php\/contact\/\" class=\"btn m-0     btn-secondary d-inline-block pix-hover-item       btn-lg\"     ><i class=\"font-weight-bold pixicon-bag-2  pix-hover-left  mr-1\"><\/i> <span class=\"font-weight-bold \" >Nous contacter<\/span><\/a>\t\t<\/div>\n\t\t\t\t<\/div>\n\t\t\t\t\t<\/div>\n\t\t<\/div>\n\t\t\t\t\t\t\t<\/div>\n\t\t<\/section>\n\t\t\t\t<section class=\"elementor-section elementor-top-section elementor-element elementor-element-5ec1ec17 elementor-section-boxed elementor-section-height-default elementor-section-height-default\" data-id=\"5ec1ec17\" data-element_type=\"section\">\n\t\t\t\t\t\t<div class=\"elementor-container elementor-column-gap-default\">\n\t\t\t\t\t<div class=\"elementor-column elementor-col-100 elementor-top-column elementor-element elementor-element-769a89cb\" data-id=\"769a89cb\" data-element_type=\"column\">\n\t\t\t<div class=\"elementor-widget-wrap elementor-element-populated\">\n\t\t\t\t\t\t\t\t<div class=\"elementor-element elementor-element-532122d3 elementor-widget elementor-widget-pix-sliding-text\" data-id=\"532122d3\" data-element_type=\"widget\" data-widget_type=\"pix-sliding-text.default\">\n\t\t\t\t<div class=\"elementor-widget-container\">\n\t\t\t<div id=\"sliding-text-90249257\" class=\"mb-3 text-center \"><div class=\"d-inline-block\" style=\"max-width:800px;\"><h3 class=\"mb-32 pix-sliding-headline font-weight-bold secondary-font\" data-class=\"secondary-font text-gradient-primary\" data-style=\"\">Alors il ne vous reste plus qu\u2019\u00e0 consultez et t\u00e9l\u00e9charger !<\/h3><\/div><\/div>\t\t<\/div>\n\t\t\t\t<\/div>\n\t\t\t\t<div class=\"elementor-element elementor-element-1144458e elementor-invisible elementor-widget elementor-widget-pix-text\" data-id=\"1144458e\" data-element_type=\"widget\" data-widget_type=\"pix-text.default\">\n\t\t\t\t<div class=\"elementor-widget-container\">\n\t\t\t<div class=\"pix-el-text w-100 text-center \" ><div class=\"d-inline-block\" style=\"max-width:600px;\"><p class=\"text-sm  text-dark-opacity-7 text-center \" ><span class=\"animate-in d-inline-block\" data-anim-delay=\"1000\" data-anim-type=\"fade-in-up\">T\u00e9l\u00e9chargez gratuitement les infos en cliquant dessus.<\/span><\/p><\/div><\/div>\t\t<\/div>\n\t\t\t\t<\/div>\n\t\t\t\t<section class=\"elementor-section elementor-inner-section elementor-element elementor-element-59d5e600 elementor-section-boxed elementor-section-height-default elementor-section-height-default\" data-id=\"59d5e600\" data-element_type=\"section\">\n\t\t\t\t\t\t<div class=\"elementor-container elementor-column-gap-default\">\n\t\t\t\t\t<div class=\"elementor-column elementor-col-25 elementor-inner-column elementor-element elementor-element-198f37d3\" data-id=\"198f37d3\" data-element_type=\"column\">\n\t\t\t<div class=\"elementor-widget-wrap elementor-element-populated\">\n\t\t\t\t\t\t\t\t<div class=\"elementor-element elementor-element-1a456ac8 elementor-widget elementor-widget-pix-photo-box\" data-id=\"1a456ac8\" data-element_type=\"widget\" data-widget_type=\"pix-photo-box.default\">\n\t\t\t\t<div class=\"elementor-widget-container\">\n\t\t\t<div class=\"card w-100 h-100 bg-heading-default bg-transparent  text-left w-100 d-inline-block pix-hover-item rounded-lg position-relative overflow-hidden text-white\" ><img decoding=\"async\" src=\"https:\/\/essor93.org\/wp-content\/plugins\/pixfort-core\/functions\/images\/loading.webp\" data-srcset=\"https:\/\/essor93.org\/wp-content\/uploads\/2022\/05\/infos-util93-essor93-social-association-3-300x225.jpg 300w, https:\/\/essor93.org\/wp-content\/uploads\/2022\/05\/infos-util93-essor93-social-association-3.jpg 550w\" data-src=\"https:\/\/essor93.org\/wp-content\/uploads\/2022\/05\/infos-util93-essor93-social-association-3.jpg\" class=\"pix-lazy card-img pix-bg-image h-100 pix-img-scale pix-opacity-10 \" loading=\"lazy\" alt=\"UTIL93-Infos administratives\"><a href=\"https:\/\/essor93.org\/wp-content\/uploads\/2022\/04\/10-reflexes-a-avoir-a-la-majorite-janv-2014454.pdf\" target=\"_blank\" class=\"card-img-overlay2 d-inline-block w-100 pix-img-overlay pix-p-10 d-flex align-items-end\" style=\"min-height:450px;\"><div class=\"w-100\"><div class=\"card-content-box pix-p-20 rounded-lg w-100 shadow  bg-white d-flex justify-content-between align-items-center\"><h6 class=\"card-title font-weight-bold  text-heading-default m-0 w-100\" style=\"\">UTIL93-Infos administratives<\/h6><h6 class=\"pixicon-angle-right text-heading-default font-weight-bold\" style=\"\"><\/h6><\/div><\/div><\/a><\/div>\t\t<\/div>\n\t\t\t\t<\/div>\n\t\t\t\t\t<\/div>\n\t\t<\/div>\n\t\t\t\t<div class=\"elementor-column elementor-col-25 elementor-inner-column elementor-element elementor-element-11348afd\" data-id=\"11348afd\" data-element_type=\"column\">\n\t\t\t<div class=\"elementor-widget-wrap elementor-element-populated\">\n\t\t\t\t\t\t\t\t<div class=\"elementor-element elementor-element-175e6291 elementor-widget elementor-widget-pix-photo-box\" data-id=\"175e6291\" data-element_type=\"widget\" data-widget_type=\"pix-photo-box.default\">\n\t\t\t\t<div class=\"elementor-widget-container\">\n\t\t\t<div class=\"card w-100 h-100 bg-heading-default bg-transparent  text-left w-100 d-inline-block pix-hover-item rounded-lg position-relative overflow-hidden text-white\" ><img decoding=\"async\" src=\"https:\/\/essor93.org\/wp-content\/plugins\/pixfort-core\/functions\/images\/loading.webp\" data-srcset=\"https:\/\/essor93.org\/wp-content\/uploads\/2022\/05\/infos-util93-essor93-lieux-sans-abri-social-association-1-300x225.jpg 300w, https:\/\/essor93.org\/wp-content\/uploads\/2022\/05\/infos-util93-essor93-lieux-sans-abri-social-association-1.jpg 550w\" data-src=\"https:\/\/essor93.org\/wp-content\/uploads\/2022\/05\/infos-util93-essor93-lieux-sans-abri-social-association-1.jpg\" class=\"pix-lazy card-img pix-bg-image h-100 pix-img-scale pix-opacity-10 \" loading=\"lazy\" alt=\"UTIL93-Lieux ressources personnes sans abri\"><a href=\"https:\/\/essor93.org\/wp-content\/uploads\/2022\/04\/UTIL93-Lieux-ressources-personnes-sans-abri-2019-2020455.pdf\" target=\"_blank\" class=\"card-img-overlay2 d-inline-block w-100 pix-img-overlay pix-p-10 d-flex align-items-end\" style=\"min-height:450px;\"><div class=\"w-100\"><div class=\"card-content-box pix-p-20 rounded-lg w-100 shadow  bg-white d-flex justify-content-between align-items-center\"><h6 class=\"card-title font-weight-bold  text-heading-default m-0 w-100\" style=\"\">UTIL93-Lieux ressources personnes sans abri<\/h6><h6 class=\"pixicon-angle-right text-heading-default font-weight-bold\" style=\"\"><\/h6><\/div><\/div><\/a><\/div>\t\t<\/div>\n\t\t\t\t<\/div>\n\t\t\t\t\t<\/div>\n\t\t<\/div>\n\t\t\t\t<div class=\"elementor-column elementor-col-25 elementor-inner-column elementor-element elementor-element-97c2eac\" data-id=\"97c2eac\" data-element_type=\"column\">\n\t\t\t<div class=\"elementor-widget-wrap elementor-element-populated\">\n\t\t\t\t\t\t\t\t<div class=\"elementor-element elementor-element-cde5d49 elementor-widget elementor-widget-pix-photo-box\" data-id=\"cde5d49\" data-element_type=\"widget\" data-widget_type=\"pix-photo-box.default\">\n\t\t\t\t<div class=\"elementor-widget-container\">\n\t\t\t<div class=\"card w-100 h-100 bg-heading-default bg-transparent  text-left w-100 d-inline-block pix-hover-item rounded-lg position-relative overflow-hidden text-white\" ><img decoding=\"async\" src=\"https:\/\/essor93.org\/wp-content\/plugins\/pixfort-core\/functions\/images\/loading.webp\" data-srcset=\"https:\/\/essor93.org\/wp-content\/uploads\/2022\/05\/infos-util93-essor93-jeunes-et-en-bonne-sante-social-association-1-300x225.jpg 300w, https:\/\/essor93.org\/wp-content\/uploads\/2022\/05\/infos-util93-essor93-jeunes-et-en-bonne-sante-social-association-1.jpg 550w\" data-src=\"https:\/\/essor93.org\/wp-content\/uploads\/2022\/05\/infos-util93-essor93-jeunes-et-en-bonne-sante-social-association-1.jpg\" class=\"pix-lazy card-img pix-bg-image h-100 pix-img-scale pix-opacity-10 \" loading=\"lazy\" alt=\"UTIL93-Jeune et en bonne sant\u00e9\"><a href=\"https:\/\/essor93.org\/wp-content\/uploads\/2022\/04\/UTIL93-jeunes-et-en-bonne-sante.pdf\" target=\"_blank\" class=\"card-img-overlay2 d-inline-block w-100 pix-img-overlay pix-p-10 d-flex align-items-end\" style=\"min-height:450px;\"><div class=\"w-100\"><div class=\"card-content-box pix-p-20 rounded-lg w-100 shadow  bg-white d-flex justify-content-between align-items-center\"><h6 class=\"card-title font-weight-bold  text-heading-default m-0 w-100\" style=\"\">UTIL93-Jeune et en bonne sant\u00e9<\/h6><h6 class=\"pixicon-angle-right text-heading-default font-weight-bold\" style=\"\"><\/h6><\/div><\/div><\/a><\/div>\t\t<\/div>\n\t\t\t\t<\/div>\n\t\t\t\t\t<\/div>\n\t\t<\/div>\n\t\t\t\t<div class=\"elementor-column elementor-col-25 elementor-inner-column elementor-element elementor-element-4cc3fa2\" data-id=\"4cc3fa2\" data-element_type=\"column\">\n\t\t\t<div class=\"elementor-widget-wrap elementor-element-populated\">\n\t\t\t\t\t\t\t\t<div class=\"elementor-element elementor-element-58dabf0 elementor-widget elementor-widget-pix-photo-box\" data-id=\"58dabf0\" data-element_type=\"widget\" data-widget_type=\"pix-photo-box.default\">\n\t\t\t\t<div class=\"elementor-widget-container\">\n\t\t\t<div class=\"card w-100 h-100 bg-heading-default bg-transparent  text-left w-100 d-inline-block pix-hover-item rounded-lg position-relative overflow-hidden text-white\" ><img decoding=\"async\" src=\"https:\/\/essor93.org\/wp-content\/plugins\/pixfort-core\/functions\/images\/loading.webp\" data-srcset=\"https:\/\/essor93.org\/wp-content\/uploads\/2022\/05\/infos-util93-essor93-Numeros-urgences-social-association-300x225.jpg 300w, https:\/\/essor93.org\/wp-content\/uploads\/2022\/05\/infos-util93-essor93-Numeros-urgences-social-association.jpg 550w\" data-src=\"https:\/\/essor93.org\/wp-content\/uploads\/2022\/05\/infos-util93-essor93-Numeros-urgences-social-association.jpg\" class=\"pix-lazy card-img pix-bg-image h-100 pix-img-scale pix-opacity-10 \" loading=\"lazy\" alt=\"Les num\u00e9ros utiles \u00e0 connaitre\"><a href=\"https:\/\/essor93.org\/wp-content\/uploads\/2022\/04\/A15066-1.pdf\" target=\"_blank\" class=\"card-img-overlay2 d-inline-block w-100 pix-img-overlay pix-p-10 d-flex align-items-end\" style=\"min-height:450px;\"><div class=\"w-100\"><div class=\"card-content-box pix-p-20 rounded-lg w-100 shadow  bg-white d-flex justify-content-between align-items-center\"><h6 class=\"card-title font-weight-bold  text-heading-default m-0 w-100\" style=\"\">Les num\u00e9ros utiles \u00e0 connaitre<\/h6><h6 class=\"pixicon-angle-right text-heading-default font-weight-bold\" style=\"\"><\/h6><\/div><\/div><\/a><\/div>\t\t<\/div>\n\t\t\t\t<\/div>\n\t\t\t\t\t<\/div>\n\t\t<\/div>\n\t\t\t\t\t\t\t<\/div>\n\t\t<\/section>\n\t\t\t\t<section class=\"elementor-section elementor-inner-section elementor-element elementor-element-e9b8c88 elementor-section-boxed elementor-section-height-default elementor-section-height-default\" data-id=\"e9b8c88\" data-element_type=\"section\">\n\t\t\t\t\t\t<div class=\"elementor-container elementor-column-gap-default\">\n\t\t\t\t\t<div class=\"elementor-column elementor-col-25 elementor-inner-column elementor-element elementor-element-ad28328\" data-id=\"ad28328\" data-element_type=\"column\">\n\t\t\t<div class=\"elementor-widget-wrap elementor-element-populated\">\n\t\t\t\t\t\t\t\t<div class=\"elementor-element elementor-element-3e0d1cf elementor-widget elementor-widget-pix-photo-box\" data-id=\"3e0d1cf\" data-element_type=\"widget\" data-widget_type=\"pix-photo-box.default\">\n\t\t\t\t<div class=\"elementor-widget-container\">\n\t\t\t<div class=\"card w-100 h-100 bg-heading-default bg-transparent  text-left w-100 d-inline-block pix-hover-item rounded-lg position-relative overflow-hidden text-white\" ><img decoding=\"async\" src=\"https:\/\/essor93.org\/wp-content\/plugins\/pixfort-core\/functions\/images\/loading.webp\" data-srcset=\"https:\/\/essor93.org\/wp-content\/uploads\/2022\/05\/infos-util93-essor93-Plaquette-insertion-social-association-300x225.jpg 300w, https:\/\/essor93.org\/wp-content\/uploads\/2022\/05\/infos-util93-essor93-Plaquette-insertion-social-association.jpg 550w\" data-src=\"https:\/\/essor93.org\/wp-content\/uploads\/2022\/05\/infos-util93-essor93-Plaquette-insertion-social-association.jpg\" class=\"pix-lazy card-img pix-bg-image h-100 pix-img-scale pix-opacity-10 \" loading=\"lazy\" alt=\"Plaquette insertion\"><a href=\"https:\/\/essor93.org\/wp-content\/uploads\/2022\/04\/plaquette-INSERTION496-1.pdf\" target=\"_blank\" class=\"card-img-overlay2 d-inline-block w-100 pix-img-overlay pix-p-10 d-flex align-items-end\" style=\"min-height:450px;\"><div class=\"w-100\"><div class=\"card-content-box pix-p-20 rounded-lg w-100 shadow  bg-white d-flex justify-content-between align-items-center\"><h6 class=\"card-title font-weight-bold  text-heading-default m-0 w-100\" style=\"\">Plaquette insertion<\/h6><h6 class=\"pixicon-angle-right text-heading-default font-weight-bold\" style=\"\"><\/h6><\/div><\/div><\/a><\/div>\t\t<\/div>\n\t\t\t\t<\/div>\n\t\t\t\t\t<\/div>\n\t\t<\/div>\n\t\t\t\t<div class=\"elementor-column elementor-col-25 elementor-inner-column elementor-element elementor-element-d2c6aa8\" data-id=\"d2c6aa8\" data-element_type=\"column\">\n\t\t\t<div class=\"elementor-widget-wrap elementor-element-populated\">\n\t\t\t\t\t\t\t\t<div class=\"elementor-element elementor-element-59ba156 elementor-widget elementor-widget-pix-photo-box\" data-id=\"59ba156\" data-element_type=\"widget\" data-widget_type=\"pix-photo-box.default\">\n\t\t\t\t<div class=\"elementor-widget-container\">\n\t\t\t<div class=\"card w-100 h-100 bg-heading-default bg-transparent  text-left w-100 d-inline-block pix-hover-item rounded-lg position-relative overflow-hidden text-white\" ><img decoding=\"async\" src=\"https:\/\/essor93.org\/wp-content\/plugins\/pixfort-core\/functions\/images\/loading.webp\" data-srcset=\"https:\/\/essor93.org\/wp-content\/uploads\/2022\/05\/infos-util93-essor93-Plaquette-service-hebergement-social-association-2-300x225.jpg 300w, https:\/\/essor93.org\/wp-content\/uploads\/2022\/05\/infos-util93-essor93-Plaquette-service-hebergement-social-association-2.jpg 550w\" data-src=\"https:\/\/essor93.org\/wp-content\/uploads\/2022\/05\/infos-util93-essor93-Plaquette-service-hebergement-social-association-2.jpg\" class=\"pix-lazy card-img pix-bg-image h-100 pix-img-scale pix-opacity-10 \" loading=\"lazy\" alt=\"Plaquette service h\u00e9bergement\"><a href=\"https:\/\/essor93.org\/wp-content\/uploads\/2022\/04\/plaquette-service-hebergement495.pdf\" target=\"_blank\" class=\"card-img-overlay2 d-inline-block w-100 pix-img-overlay pix-p-10 d-flex align-items-end\" style=\"min-height:450px;\"><div class=\"w-100\"><div class=\"card-content-box pix-p-20 rounded-lg w-100 shadow  bg-white d-flex justify-content-between align-items-center\"><h6 class=\"card-title font-weight-bold  text-heading-default m-0 w-100\" style=\"\">Plaquette service h\u00e9bergement<\/h6><h6 class=\"pixicon-angle-right text-heading-default font-weight-bold\" style=\"\"><\/h6><\/div><\/div><\/a><\/div>\t\t<\/div>\n\t\t\t\t<\/div>\n\t\t\t\t\t<\/div>\n\t\t<\/div>\n\t\t\t\t<div class=\"elementor-column elementor-col-25 elementor-inner-column elementor-element elementor-element-cf64308\" data-id=\"cf64308\" data-element_type=\"column\">\n\t\t\t<div class=\"elementor-widget-wrap elementor-element-populated\">\n\t\t\t\t\t\t\t\t<div class=\"elementor-element elementor-element-cce3f6c elementor-widget elementor-widget-pix-photo-box\" data-id=\"cce3f6c\" data-element_type=\"widget\" data-widget_type=\"pix-photo-box.default\">\n\t\t\t\t<div class=\"elementor-widget-container\">\n\t\t\t<div class=\"card w-100 h-100 bg-heading-default bg-transparent  text-left w-100 d-inline-block pix-hover-item rounded-lg position-relative overflow-hidden text-white\" ><img decoding=\"async\" src=\"https:\/\/essor93.org\/wp-content\/plugins\/pixfort-core\/functions\/images\/loading.webp\" data-srcset=\"https:\/\/essor93.org\/wp-content\/uploads\/2022\/05\/infos-util93-essor93-trouver-mon-logement-social-association-1-300x225.jpg 300w, https:\/\/essor93.org\/wp-content\/uploads\/2022\/05\/infos-util93-essor93-trouver-mon-logement-social-association-1.jpg 550w\" data-src=\"https:\/\/essor93.org\/wp-content\/uploads\/2022\/05\/infos-util93-essor93-trouver-mon-logement-social-association-1.jpg\" class=\"pix-lazy card-img pix-bg-image h-100 pix-img-scale pix-opacity-10 \" loading=\"lazy\" alt=\"Trouver mon logement social\"><a href=\"https:\/\/essor93.org\/wp-content\/uploads\/2022\/04\/trouver-mon-logement-_-mode-demploi-2.pdf\" target=\"_blank\" class=\"card-img-overlay2 d-inline-block w-100 pix-img-overlay pix-p-10 d-flex align-items-end\" style=\"min-height:450px;\"><div class=\"w-100\"><div class=\"card-content-box pix-p-20 rounded-lg w-100 shadow  bg-white d-flex justify-content-between align-items-center\"><h6 class=\"card-title font-weight-bold  text-heading-default m-0 w-100\" style=\"\">Trouver mon logement social<\/h6><h6 class=\"pixicon-angle-right text-heading-default font-weight-bold\" style=\"\"><\/h6><\/div><\/div><\/a><\/div>\t\t<\/div>\n\t\t\t\t<\/div>\n\t\t\t\t\t<\/div>\n\t\t<\/div>\n\t\t\t\t<div class=\"elementor-column elementor-col-25 elementor-inner-column elementor-element elementor-element-47fffc9\" data-id=\"47fffc9\" data-element_type=\"column\">\n\t\t\t<div class=\"elementor-widget-wrap elementor-element-populated\">\n\t\t\t\t\t\t\t\t<div class=\"elementor-element elementor-element-c4ead8a elementor-widget elementor-widget-pix-photo-box\" data-id=\"c4ead8a\" data-element_type=\"widget\" data-widget_type=\"pix-photo-box.default\">\n\t\t\t\t<div class=\"elementor-widget-container\">\n\t\t\t<div class=\"card w-100 h-100 bg-heading-default bg-transparent  text-left w-100 d-inline-block pix-hover-item rounded-lg position-relative overflow-hidden text-white\" ><img decoding=\"async\" src=\"https:\/\/essor93.org\/wp-content\/plugins\/pixfort-core\/functions\/images\/loading.webp\" data-srcset=\"https:\/\/essor93.org\/wp-content\/uploads\/2022\/05\/infos-util93-essor93-Loi-protection-de-lenfance-social-association-300x225.jpg 300w, https:\/\/essor93.org\/wp-content\/uploads\/2022\/05\/infos-util93-essor93-Loi-protection-de-lenfance-social-association.jpg 550w\" data-src=\"https:\/\/essor93.org\/wp-content\/uploads\/2022\/05\/infos-util93-essor93-Loi-protection-de-lenfance-social-association.jpg\" class=\"pix-lazy card-img pix-bg-image h-100 pix-img-scale pix-opacity-10 \" loading=\"lazy\" alt=\"Loi protection de l'enfance du 7 f\u00e9vrier 2022\"><a href=\"https:\/\/essor93.org\/wp-content\/uploads\/2022\/04\/LOI-n\u00b0-2022-140-du-7-fevrier-2022-relative-a-la-protection-des-enfants-1-Legifrance.pdf\" target=\"_blank\" class=\"card-img-overlay2 d-inline-block w-100 pix-img-overlay pix-p-10 d-flex align-items-end\" style=\"min-height:450px;\"><div class=\"w-100\"><div class=\"card-content-box pix-p-20 rounded-lg w-100 shadow  bg-white d-flex justify-content-between align-items-center\"><h6 class=\"card-title font-weight-bold  text-heading-default m-0 w-100\" style=\"\">Loi protection de l'enfance du 7 f\u00e9vrier 2022<\/h6><h6 class=\"pixicon-angle-right text-heading-default font-weight-bold\" style=\"\"><\/h6><\/div><\/div><\/a><\/div>\t\t<\/div>\n\t\t\t\t<\/div>\n\t\t\t\t\t<\/div>\n\t\t<\/div>\n\t\t\t\t\t\t\t<\/div>\n\t\t<\/section>\n\t\t\t\t\t<\/div>\n\t\t<\/div>\n\t\t\t\t\t\t\t<\/div>\n\t\t<\/section>\n\t\t\t\t\t\t\t<\/div>\n\t\t","protected":false},"excerpt":{"rendered":"<p>Ce que je dois savoir ! Vous trouverez toutes sortes d\u2019informations et de bons plans qui peuvent vous \u00eatre utiles afin de mieux vous guider sur le chemin de votre autonomie. Pour trouver l&rsquo;ADEPAPE de votre d\u00e9partement, cliquez sur le&#8230;<\/p>\n","protected":false},"author":1,"featured_media":0,"parent":0,"menu_order":0,"comment_status":"closed","ping_status":"closed","template":"","meta":{"footnotes":""},"_links":{"self":[{"href":"https:\/\/essor93.org\/index.php\/wp-json\/wp\/v2\/pages\/13532"}],"collection":[{"href":"https:\/\/essor93.org\/index.php\/wp-json\/wp\/v2\/pages"}],"about":[{"href":"https:\/\/essor93.org\/index.php\/wp-json\/wp\/v2\/types\/page"}],"author":[{"embeddable":true,"href":"https:\/\/essor93.org\/index.php\/wp-json\/wp\/v2\/users\/1"}],"replies":[{"embeddable":true,"href":"https:\/\/essor93.org\/index.php\/wp-json\/wp\/v2\/comments?post=13532"}],"version-history":[{"count":32,"href":"https:\/\/essor93.org\/index.php\/wp-json\/wp\/v2\/pages\/13532\/revisions"}],"predecessor-version":[{"id":14601,"href":"https:\/\/essor93.org\/index.php\/wp-json\/wp\/v2\/pages\/13532\/revisions\/14601"}],"wp:attachment":[{"href":"https:\/\/essor93.org\/index.php\/wp-json\/wp\/v2\/media?parent=13532"}],"curies":[{"name":"wp","href":"https:\/\/api.w.org\/{rel}","templated":true}]}}